6. Calculate the highest common factor of 2346 and k.
34
Let a(q) = -7*q + 74. Let h be a(10). Let d be (-12)/48 + ((-85)/h)/(-1). Calculate the highest common factor of d and 3.
3
Let r = -28098 + 30950. What is the greatest common factor of 184 and r?
92
Suppose -689 = -2*d - a + 4*a, 5*d - 1714 = -a. Suppose -24*q + d + 449 = 0. What is the greatest common divisor of 44 and q?
11
Suppose 175032 = 63*h + 90*h. What is the highest common factor of 312 and h?
104
Let i be 60/(-105) + (-95)/(-7). Suppose 4950 = 46*v - i*v. Calculate the highest common factor of v and 60.
30
Suppose 4*j - 9 = -3*m + 5*j, 5*j = -3*m + 9. Suppose -n = -m*n + 102. What is the greatest common factor of n and 51?
51
Let p be (154/(-42))/((-1)/42 + 0) + 6. What is the highest common divisor of p and 784?
16
Let o(q) = 78*q**2 - 4*q - 5. Let k be o(-1). Let s = -47 + k. Calculate the highest common divisor of s and 165.
15
Suppose 4*n = 5*c + 232, -4*n + 236 = -0*c - 4*c. Let u(x) = 5*x**2 + 132*x + 108. Let j be u(-27). What is the greatest common divisor of j and n?
63
Let y(r) = -10*r**3 - 5*r**2 + 21*r + 45. Let c be y(-3). What is the highest common factor of c and 351?
9
Suppose -s - 740 = -21*s. Let b be (3/18)/(14/(-84)) + s. Calculate the greatest common factor of b and 126.
18
Let q = 238 - 190. Let s = -97 + 529. What is the greatest common divisor of q and s?
48
Let s be 0 + 74 - 28/14. Let o(w) = 7*w**3 - 12*w**2 + 2*w + 3. Let b be o(3). Calculate the greatest common factor of s and b.
18
Suppose 97*i - 1460 = 771. Calculate the highest common divisor of 69 and i.
23
Let f(q) = 2832*q + 10. Let y be f(1). Calculate the highest common divisor of y and 14.
14
Let c = -192 - -341. Let x = c - -221. Calculate the greatest common factor of x and 10.
10
Suppose 0 = -45*j + 58*j - 39. Suppose 4*v = 5*f - 534 - 332, j*f = -5*v + 490. Calculate the greatest common factor of 15 and f.
5
Let n(y) = 3*y**2 + 24*y + 56. Let m be n(-5). Let h be m - (-24)/(-4) - -10. Let t(c) = c + 3. Let x be t(7). What is the highest common divisor of h and x?
5
Suppose 3*m = 512 - 503. Suppose -i = 5*d - 60, 4*i = m*i - d + 48. What is the greatest common factor of 180 and i?
45
Let w be (69 - -4) + 15/5. Let c(k) = -k**3 + k**2 - 2*k. Let u be c(-2). Let v be ((-171)/w)/((-1)/u - 0). What is the highest common divisor of v and 36?
36
Suppose -3*l - 15 = u - 2*l, l = -2*u - 33. Let y be ((-6)/u)/(1/18). Suppose -y*o + 579 = 75. Calculate the highest common divisor of 12 and o.
12
Let f be 175362/363 + -47 + 1/(-11). Calculate the greatest common factor of 1199 and f.
109
Suppose 5*x = 5*t + 205, 99*t = 2*x + 95*t - 68. Let p(q) = q + 8. Let s be p(-6). What is the highest common divisor of s and x?
2
Suppose 2*r + 5*h + 29 = 0, 55 = -5*r + 5*h - 0*h. Let o be r/54 - (-976)/18. Suppose -201*l - 243 = -204*l. What is the highest common factor of l and o?
27
Suppose 93*x = 56*x + 50875. What is the greatest common divisor of 55 and x?
55
Let b(f) = -2*f**3 + 121*f**2 - 37*f - 126. Let i be b(60). What is the greatest common factor of i and 792?
66
Suppose v = -v + 50. Let c = v + -22. Suppose -4*k - 3*l = 2*l - 81, 0 = -c*k - 5*l + 67. What is the highest common divisor of 21 and k?
7
Suppose -854*t + 831*t + 3680 = 0. What is the highest common factor of 5760 and t?
160
Let m be 49/(-28)*(-54)/(-63) + (-35)/(-2). What is the greatest common factor of 40 and m?
8
Let i be ((-26)/4)/((-5)/30). Let h = -25 + i. Let o = 174 + -76. Calculate the greatest common divisor of h and o.
14
Suppose -2*j - 236 + 1208 = 0. Let s = j - 271. Suppose -2*f + 131 + 15 = 4*q, -s = -5*q + 4*f. What is the greatest common divisor of q and 39?
39
Suppose 12*w - 3974 = 730. Let j = w + -373. Calculate the highest common divisor of j and 209.
19
Let w(q) = -3*q**3 + 81*q**2 - 80*q + 115. Let k be w(26). Calculate the highest common divisor of 10269 and k.
63
Let t = 502 + 810. Calculate the highest common divisor of t and 32.
32
Suppose 13*s = -9036 + 85242. What is the greatest common divisor of 6 and s?
6
Let a be 6*2/24*4. Suppose -5*o + 20 = a*j, -4*j + 6*j = 0. Suppose 2*b + 32 = o*b. What is the highest common factor of 64 and b?
16
Suppose 2*n - 5*j - 304 = 0, -49*j = -52*j. What is the highest common divisor of 9120 and n?
152
Let j(b) = -b**2 - 12*b - 17. Let d be j(-5). Let u = d - -6. Let a(v) = 6*v**2 - v - 2. Let t be a(-2). Calculate the highest common divisor of u and t.
24
Let m(c) = 14*c + 4. Let o be m(2). Let b be ((-44)/(-110))/((-2)/60). Let f = 4 - b. What is the highest common factor of o and f?
16
Let v = 15875 + -14279. Calculate the greatest common factor of v and 342.
114
Let v = 22351 + -22285. Calculate the highest common divisor of v and 3982.
22
Suppose 5*h - 2263 = -d, -2529 - 1997 = -2*d + 3*h. Calculate the highest common divisor of d and 219.
73
Let r = -1357 + 1421. Suppose -w - 4*w - 4*a = -876, w = 2*a + 178. What is the greatest common divisor of w and r?
16
Let x be 1 + (-1944)/(-39) + (-66)/(-429). What is the highest common factor of 323 and x?
17
Let z = -134 + -144. Let v = z - -326. Calculate the greatest common factor of v and 36.
12
Let z(u) = -7847*u - 53. Let s be z(-1). Calculate the greatest common factor of 9 and s.
9
Let j = -192 + 237. Suppose 35*q = j*q - 440. What is the highest common factor of 572 and q?
44
Suppose -1488 - 1308 = -12*g + 180. Let q(s) = -5*s + 1. Let z be q(-2). Let t = z - -20. Calculate the highest common divisor of g and t.
31
Let f = 60 + -51. Suppose f*o - 14*o = -4590. Suppose o + 776 = 11*u. What is the highest common factor of 22 and u?
22
Let a = -10754 + 10874. Calculate the highest common factor of 1455 and a.
15
Let b be (-9)/(3 - 0) - -28. Let j = 205 - 155. Calculate the highest common divisor of b and j.
25
Suppose 0 = -5*o + 5 + 10. Suppose o*m - 2*b - 19 = 0, -3*m + 5*b = 2*m - 25. Let c = m + -7. Calculate the highest common factor of c and 18.
2
Suppose -1 = 2*t + 4*x - 9*x, -18 = 5*t + 3*x. Let i be (-9)/(-2)*2*(0 + t). Let j be 249/27 - -3 - (-6)/i. What is the highest common divisor of j and 54?
6
Suppose y - 5 = -l - 3, 0 = -3*l - y + 6. Suppose c - 120 + 28 = u, -5*c - l*u = -481. Calculate the highest common divisor of c and 57.
19
Let f = 40873 - 25543. Calculate the greatest common factor of f and 15.
15
Suppose 3*q + 3 = -3*d + 18, 65 = 4*q - 5*d. Let r = 60 + q. Let u be 1*r*(-4)/(-8). Calculate the greatest common divisor of 35 and u.
35
Suppose -f - 3*f + 3356 = 2*w, w = -f + 841. Suppose 0*y + y + f = 0. Let q be (4*2/(-12))/(6/y). Calculate the greatest common divisor of 31 and q.
31
Let d(k) = -3*k - 7. Let t be d(-3). Suppose t*u - u = 9. Suppose 0 = c - u - 6. Calculate the greatest common factor of 75 and c.
15
Let f = -170 - -246. Suppose -f = -v - 2*v + 5*l, 5*l + 25 = 0. Suppose -2*t + 8 = -60. What is the highest common divisor of v and t?
17
Let l(w) = -3*w + 30. Let y be l(8). Let h be (4 - 27/y)*-4. Suppose -h*g + 2*u = -2, -2*g - 4*u + 2 = -8*u. What is the highest common divisor of 7 and g?
1
Suppose -40*x = -435*x + 818045. What is the highest common divisor of x and 38?
19
Let m = 104 - 98. Suppose -8*n + m*n + 486 = 0. Calculate the highest common factor of 27 and n.
27
Suppose 0 = 345*b - 332*b - 3003. What is the highest common factor of 2002 and b?
77
Let w(c) = -5967*c - 2035. Let k be w(-5). What is the highest common divisor of 50 and k?
50
Suppose -4*y + 8 = -4*i, 4*i + 13 = i - 4*y. Let o be i/((-20)/(-78) + 1/(-3)). What is the greatest common factor of 91 and o?
13
Suppose 8*r + 99 = -3*r. Let a be 1 + 6/r + 161/3. What is the highest common divisor of 2 and a?
2
Let s = 4 + 3. Let p be (20/80)/((-1)/(-8)). Let w = p + 96. What is the greatest common divisor of w and s?
7
Let o(x) = -106*x + 37. Let d be o(3). Let z = d + 306. What is the highest common factor of z and 400?
25
Suppose 0 = 3*c - 23 - 10. Let i be (-7)/(105/50)*-21. Let x = i + c. What is the highest common factor of x and 27?
27
Let q be ((-126)/15)/((-2)/10). Suppose 0*z + 11*z = -1320. Let y be (2 - z) + -1 + 5. Calculate the highest common factor of y and q.
42
Let z be 604/(-2416) - (0 + 0 + (-394)/8). Calculate the greatest common divisor of z and 2254.
49
Let a = -21 + 23. Suppose 0 - 4 = -a*v, -5*t +